{"id":11732,"date":"2026-04-15T21:15:00","date_gmt":"2026-04-15T20:15:00","guid":{"rendered":"https:\/\/www.riva.it\/prodotto\/hanny-extendable-table\/"},"modified":"2026-06-09T12:57:33","modified_gmt":"2026-06-09T11:57:33","slug":"hanny-extendable-table","status":"publish","type":"product","link":"https:\/\/www.riva.it\/en\/prodotto\/hanny-extendable-table\/","title":{"rendered":"Hanny extendable table"},"content":{"rendered":"<p>Il tavolo Hanny di Artisan \u00e8 il risultato della collaborazione tra esperti artigiani e il noto designer Michael Schneider. \u00c8 un <strong>tavolo fisso e allungabile rettangolare<\/strong> caratterizzato da un <strong>tipico incastro<\/strong> sui quattro angoli. Hanny \u00e8 realizzato in <strong>solid wood<\/strong> ed \u00e8 disponibile in molteplici essenze e dimensioni.<\/p>\n<p>The Artisan brand specialises in <strong>Handcrafted solid wood furniture. <\/strong>It has over 50 years of experience and collaborates with <strong>best designers<\/strong> local and global. Artisan uses <strong>Solid natural wood<\/strong> sourced from renewable sources and for its treatment it only uses <strong>natural materials, <\/strong>Come<strong> oils and beeswax.<\/strong><\/p>\n<p>&nbsp;<\/p>","protected":false},"excerpt":{"rendered":"<p>Il tavolo Hanny di Artisan \u00e8 il risultato della collaborazione tra esperti artigiani e il noto designer Michael Schneider. \u00c8 un tavolo fisso e allungabile rettangolare caratterizzato da un tipico incastro sui quattro angoli. Hanny \u00e8 realizzato in legno massello ed \u00e8 disponibile in molteplici essenze e dimensioni. Il brand Artisan \u00e8 specializzato nella produzione [&hellip;]<\/p>\n","protected":false},"featured_media":11733,"template":"","meta":[],"product_brand":[41],"product_cat":[42,43,44],"product_tag":[45,46,47],"class_list":["post-11732","product","type-product","status-publish","has-post-thumbnail","product_brand-artisan","product_cat-arredamento","product_cat-tavoli","product_cat-tavoli-da-pranzo","product_tag-artisan","product_tag-disponibili","product_tag-ritiro_magazzino","pa_dimensioni-120x90x76-1-prolunga-da-45cm","pa_dimensioni-140x90x76-1-prolunga-da-50cm","pa_dimensioni-160x90x76-1-prolunga-da-55cm","pa_dimensioni-160x90x76-2-prolunghe-da-40cm","pa_dimensioni-180x90x76-2-prolunghe-da-45cm","pa_dimensioni-200x90x76-2-prolunghe-da-50cm","pa_dimensioni-220x90x76-2-prolunghe-da-50cm","pa_essenza-ciliegio","pa_essenza-noce-europeo","pa_essenza-rovere","first","instock","taxable","shipping-taxable","purchasable","product-type-variable","wvs-archive-product-wrapper"],"_links":{"self":[{"href":"https:\/\/www.riva.it\/en\/wp-json\/wp\/v2\/product\/11732","targetHints":{"allow":["GET"]}}],"collection":[{"href":"https:\/\/www.riva.it\/en\/wp-json\/wp\/v2\/product"}],"about":[{"href":"https:\/\/www.riva.it\/en\/wp-json\/wp\/v2\/types\/product"}],"wp:featuredmedia":[{"embeddable":true,"href":"https:\/\/www.riva.it\/en\/wp-json\/wp\/v2\/media\/11733"}],"wp:attachment":[{"href":"https:\/\/www.riva.it\/en\/wp-json\/wp\/v2\/media?parent=11732"}],"wp:term":[{"taxonomy":"product_brand","embeddable":true,"href":"https:\/\/www.riva.it\/en\/wp-json\/wp\/v2\/product_brand?post=11732"},{"taxonomy":"product_cat","embeddable":true,"href":"https:\/\/www.riva.it\/en\/wp-json\/wp\/v2\/product_cat?post=11732"},{"taxonomy":"product_tag","embeddable":true,"href":"https:\/\/www.riva.it\/en\/wp-json\/wp\/v2\/product_tag?post=11732"}],"curies":[{"name":"WP","href":"https:\/\/api.w.org\/{rel}","templated":true}]}}

<p>Il tavolo Hanny di Artisan è il risultato della collaborazione tra esperti artigiani e il noto designer Michael Schneider. È un <strong>tavolo fisso e allungabile rettangolare</strong> caratterizzato da un <strong>tipico incastro</strong> sui quattro angoli. Hanny è realizzato in <strong>solid wood</strong> ed è disponibile in molteplici essenze e dimensioni.</p>
<p>The Artisan brand specialises in <strong>Handcrafted solid wood furniture. </strong>It has over 50 years of experience and collaborates with <strong>best designers</strong> local and global. Artisan uses <strong>Solid natural wood</strong> sourced from renewable sources and for its treatment it only uses <strong>natural materials, </strong>Come<strong> oils and beeswax.</strong></p>
<p>&nbsp;</p>

<p>Il tavolo Hanny di Artisan è il risultato della collaborazione tra esperti artigiani e il noto designer Michael Schneider. È un tavolo fisso e allungabile rettangolare caratterizzato da un tipico incastro sui quattro angoli. Hanny è realizzato in legno massello ed è disponibile in molteplici essenze e dimensioni. Il brand Artisan è specializzato nella produzione [&hellip;]</p>
