{"id":11811,"date":"2026-04-15T21:15:00","date_gmt":"2026-04-15T20:15:00","guid":{"rendered":"https:\/\/www.riva.it\/prodotto\/invito-extendable-table\/"},"modified":"2026-06-09T12:57:32","modified_gmt":"2026-06-09T11:57:32","slug":"invito-extendable-table","status":"publish","type":"product","link":"https:\/\/www.riva.it\/en\/prodotto\/invito-extendable-table\/","title":{"rendered":"Invito extendable table"},"content":{"rendered":"<p>Invito \u00e8 un <strong>tavolo fisso e allungabile rettangolare<\/strong> della collezione Invito dalla <strong>forma morbida ed elegante<\/strong>. \u00c8 caratterizzato dalla linea sinuosa delle sue gambe nel raccordo con il piano. \u00c8 realizzato <strong>in legno massello<\/strong>, trattato con <strong>materiali naturali<\/strong> ed \u00e8 ideato dal noto designer <strong>Michael Schneider<\/strong>. \u00c8 disponibile in una vasta gamma di essenze e misure.<\/p>\n<p>The Artisan brand specialises in <strong>Handcrafted solid wood furniture. <\/strong>It has over 50 years of experience and collaborates with <strong>best designers<\/strong> local and global. Artisan uses <strong>Solid natural wood<\/strong> sourced from renewable sources and for its treatment it only uses <strong>natural materials, <\/strong>Come<strong> oils and beeswax.<\/strong><\/p>","protected":false},"excerpt":{"rendered":"<p>Invito \u00e8 un tavolo fisso e allungabile rettangolare della collezione Invito dalla forma morbida ed elegante. \u00c8 caratterizzato dalla linea sinuosa delle sue gambe nel raccordo con il piano. \u00c8 realizzato in legno massello, trattato con materiali naturali ed \u00e8 ideato dal noto designer Michael Schneider. \u00c8 disponibile in una vasta gamma di essenze e [&hellip;]<\/p>\n","protected":false},"featured_media":11812,"template":"","meta":[],"product_brand":[41],"product_cat":[42,43,44],"product_tag":[45,46,47],"class_list":["post-11811","product","type-product","status-publish","has-post-thumbnail","product_brand-artisan","product_cat-arredamento","product_cat-tavoli","product_cat-tavoli-da-pranzo","product_tag-artisan","product_tag-disponibili","product_tag-ritiro_magazzino","pa_dimensioni-120x94x76-1-prolunga-da-55cm","pa_dimensioni-140x94x76-1-prolunga-da-55cm","pa_dimensioni-160x94x76-1-prolunga-da-55cm","pa_dimensioni-160x94x76-2-prolunghe-da-40cm","pa_dimensioni-180x94x76-2-prolunghe-da-50cm","pa_dimensioni-200x94x76-2-prolunghe-da-55cm","pa_dimensioni-220x94x76-2-prolunghe-da-55cm","pa_essenza-ciliegio","pa_essenza-noce-europeo","pa_essenza-rovere","first","instock","taxable","shipping-taxable","purchasable","product-type-variable","wvs-archive-product-wrapper"],"_links":{"self":[{"href":"https:\/\/www.riva.it\/en\/wp-json\/wp\/v2\/product\/11811","targetHints":{"allow":["GET"]}}],"collection":[{"href":"https:\/\/www.riva.it\/en\/wp-json\/wp\/v2\/product"}],"about":[{"href":"https:\/\/www.riva.it\/en\/wp-json\/wp\/v2\/types\/product"}],"wp:featuredmedia":[{"embeddable":true,"href":"https:\/\/www.riva.it\/en\/wp-json\/wp\/v2\/media\/11812"}],"wp:attachment":[{"href":"https:\/\/www.riva.it\/en\/wp-json\/wp\/v2\/media?parent=11811"}],"wp:term":[{"taxonomy":"product_brand","embeddable":true,"href":"https:\/\/www.riva.it\/en\/wp-json\/wp\/v2\/product_brand?post=11811"},{"taxonomy":"product_cat","embeddable":true,"href":"https:\/\/www.riva.it\/en\/wp-json\/wp\/v2\/product_cat?post=11811"},{"taxonomy":"product_tag","embeddable":true,"href":"https:\/\/www.riva.it\/en\/wp-json\/wp\/v2\/product_tag?post=11811"}],"curies":[{"name":"WP","href":"https:\/\/api.w.org\/{rel}","templated":true}]}}

<p>Invito è un <strong>tavolo fisso e allungabile rettangolare</strong> della collezione Invito dalla <strong>forma morbida ed elegante</strong>. È caratterizzato dalla linea sinuosa delle sue gambe nel raccordo con il piano. È realizzato <strong>in legno massello</strong>, trattato con <strong>materiali naturali</strong> ed è ideato dal noto designer <strong>Michael Schneider</strong>. È disponibile in una vasta gamma di essenze e misure.</p>
<p>The Artisan brand specialises in <strong>Handcrafted solid wood furniture. </strong>It has over 50 years of experience and collaborates with <strong>best designers</strong> local and global. Artisan uses <strong>Solid natural wood</strong> sourced from renewable sources and for its treatment it only uses <strong>natural materials, </strong>Come<strong> oils and beeswax.</strong></p>

<p>Invito è un tavolo fisso e allungabile rettangolare della collezione Invito dalla forma morbida ed elegante. È caratterizzato dalla linea sinuosa delle sue gambe nel raccordo con il piano. È realizzato in legno massello, trattato con materiali naturali ed è ideato dal noto designer Michael Schneider. È disponibile in una vasta gamma di essenze e [&hellip;]</p>
