{"id":14628,"date":"2026-04-15T21:30:07","date_gmt":"2026-04-15T20:30:07","guid":{"rendered":"https:\/\/www.riva.it\/prodotto\/fin-bed\/"},"modified":"2026-06-04T09:26:26","modified_gmt":"2026-06-04T08:26:26","slug":"nice-bed","status":"publish","type":"product","link":"https:\/\/www.riva.it\/en\/prodotto\/fin-bed\/","title":{"rendered":"Fin bed"},"content":{"rendered":"<p>Il letto Fin di Artisan \u00e8 realizzato interamente in <strong>solid wood<\/strong> ed \u00e8 ideato da Michael Schneider. Di <strong>costruzione pregiata<\/strong>, sapr\u00e0 valorizzare la vostra zona notte. Disponibile in varie dimensioni. La testata realizzata in <strong>legno 100% naturale<\/strong> rivela l&#8217;amore di Artisan per il legno.<\/p>\n<p>The Artisan brand specialises in <strong>Handcrafted solid wood furniture. <\/strong>It has over 50 years of experience and collaborates with <strong>best designers<\/strong> local and global. Artisan uses <strong>Solid natural wood<\/strong> sourced from renewable sources and for its treatment it only uses <strong>natural materials, <\/strong>Come<strong> oils and beeswax.<\/strong><\/p>\n<p><strong>Le reti non sono incluse nel prezzo.<br \/>\n<span class=\"NormalTextRun SCXW1146604 BCX0\">Per il letto da 160&#215;200 vanno ordinate 2 <\/span><span class=\"NormalTextRun SpellingErrorV2Themed SCXW1146604 BCX0\">reti<\/span><span class=\"NormalTextRun SCXW1146604 BCX0\"> da 80 cm<br \/>\nPer il letto da 180&#215;200 vanno ordinate 2 reti da 90 cm<\/span><br \/>\n<\/strong><\/p>","protected":false},"excerpt":{"rendered":"<p>Il letto Fin di Artisan \u00e8 realizzato interamente in legno massello ed \u00e8 ideato da Michael Schneider. Di costruzione pregiata, sapr\u00e0 valorizzare la vostra zona notte. Disponibile in varie dimensioni. La testata realizzata in legno 100% naturale rivela l&#8217;amore di Artisan per il legno. Il brand Artisan \u00e8 specializzato nella produzione artigianale di mobili in [&hellip;]<\/p>\n","protected":false},"featured_media":14629,"template":"","meta":[],"product_brand":[41],"product_cat":[42,226,225],"product_tag":[45,46,47],"class_list":["post-14628","product","type-product","status-publish","has-post-thumbnail","product_brand-artisan","product_cat-arredamento","product_cat-letti","product_cat-zona-notte","product_tag-artisan","product_tag-disponibili","product_tag-ritiro_magazzino","pa_dimensioni-esterne-letto-168x213x30","pa_dimensioni-esterne-letto-188x213x30","pa_dimensioni-materasso-160x200","pa_dimensioni-materasso-180x200","pa_essenza-ciliegio","pa_essenza-noce-europeo","pa_essenza-rovere","pa_testata-h-76-cm","first","instock","taxable","shipping-taxable","purchasable","product-type-variable","wvs-archive-product-wrapper"],"_links":{"self":[{"href":"https:\/\/www.riva.it\/en\/wp-json\/wp\/v2\/product\/14628","targetHints":{"allow":["GET"]}}],"collection":[{"href":"https:\/\/www.riva.it\/en\/wp-json\/wp\/v2\/product"}],"about":[{"href":"https:\/\/www.riva.it\/en\/wp-json\/wp\/v2\/types\/product"}],"wp:featuredmedia":[{"embeddable":true,"href":"https:\/\/www.riva.it\/en\/wp-json\/wp\/v2\/media\/14629"}],"wp:attachment":[{"href":"https:\/\/www.riva.it\/en\/wp-json\/wp\/v2\/media?parent=14628"}],"wp:term":[{"taxonomy":"product_brand","embeddable":true,"href":"https:\/\/www.riva.it\/en\/wp-json\/wp\/v2\/product_brand?post=14628"},{"taxonomy":"product_cat","embeddable":true,"href":"https:\/\/www.riva.it\/en\/wp-json\/wp\/v2\/product_cat?post=14628"},{"taxonomy":"product_tag","embeddable":true,"href":"https:\/\/www.riva.it\/en\/wp-json\/wp\/v2\/product_tag?post=14628"}],"curies":[{"name":"WP","href":"https:\/\/api.w.org\/{rel}","templated":true}]}}

<p>Il letto Fin di Artisan è realizzato interamente in <strong>solid wood</strong> ed è ideato da Michael Schneider. Di <strong>costruzione pregiata</strong>, saprà valorizzare la vostra zona notte. Disponibile in varie dimensioni. La testata realizzata in <strong>legno 100% naturale</strong> rivela l&#8217;amore di Artisan per il legno.</p>
<p>The Artisan brand specialises in <strong>Handcrafted solid wood furniture. </strong>It has over 50 years of experience and collaborates with <strong>best designers</strong> local and global. Artisan uses <strong>Solid natural wood</strong> sourced from renewable sources and for its treatment it only uses <strong>natural materials, </strong>Come<strong> oils and beeswax.</strong></p>
<p><strong>Le reti non sono incluse nel prezzo.<br />
<span class="NormalTextRun SCXW1146604 BCX0">Per il letto da 160&#215;200 vanno ordinate 2 </span><span class="NormalTextRun SpellingErrorV2Themed SCXW1146604 BCX0">reti</span><span class="NormalTextRun SCXW1146604 BCX0"> da 80 cm<br />
Per il letto da 180&#215;200 vanno ordinate 2 reti da 90 cm</span><br />
</strong></p>

<p>Il letto Fin di Artisan è realizzato interamente in legno massello ed è ideato da Michael Schneider. Di costruzione pregiata, saprà valorizzare la vostra zona notte. Disponibile in varie dimensioni. La testata realizzata in legno 100% naturale rivela l&#8217;amore di Artisan per il legno. Il brand Artisan è specializzato nella produzione artigianale di mobili in [&hellip;]</p>
