{"id":15477,"date":"2026-04-15T21:34:00","date_gmt":"2026-04-15T20:34:00","guid":{"rendered":"https:\/\/www.riva.it\/prodotto\/latus-bench\/"},"modified":"2026-06-16T09:17:06","modified_gmt":"2026-06-16T08:17:06","slug":"latus-bench","status":"publish","type":"product","link":"https:\/\/www.riva.it\/en\/prodotto\/latus-bench\/","title":{"rendered":"Latus bench"},"content":{"rendered":"<p>La panca Latus di Artisan \u00e8 realizzata <strong>artigianalmente<\/strong> in <strong>solid wood<\/strong>. Ideata e disegnata da Salih Teskered\u017ei\u0107, \u00e8 disponibile in diverse dimensioni e in varie finiture di legno. Come ogni creazione Artisan, Latus \u00e8 un <strong>pezzo unico<\/strong> costruito con <strong>amore per il legno<\/strong>, pensata per abbellire la vostra casa.<\/p>\n<p>The Artisan brand specialises in <strong>Handcrafted solid wood furniture. <\/strong>It has over 50 years of experience and collaborates with <strong>best designers<\/strong> local and global. Artisan uses <strong>Solid natural wood<\/strong> sourced from renewable sources and for its treatment it only uses <strong>natural materials, <\/strong>Come<strong> oils and beeswax.<\/strong><\/p>","protected":false},"excerpt":{"rendered":"<p>La panca Latus di Artisan \u00e8 realizzata artigianalmente in legno massello. Ideata e disegnata da Salih Teskered\u017ei\u0107, \u00e8 disponibile in diverse dimensioni e in varie finiture di legno. Come ogni creazione Artisan, Latus \u00e8 un pezzo unico costruito con amore per il legno, pensata per abbellire la vostra casa. Il brand Artisan \u00e8 specializzato nella [&hellip;]<\/p>\n","protected":false},"featured_media":15478,"template":"","meta":[],"product_brand":[41],"product_cat":[42,213,210],"product_tag":[45,46,47],"class_list":["post-15477","product","type-product","status-publish","has-post-thumbnail","product_brand-artisan","product_cat-arredamento","product_cat-panche","product_cat-sedute","product_tag-artisan","product_tag-disponibili","product_tag-ritiro_magazzino","pa_dimensioni-160x40x45","pa_dimensioni-180x40x45","pa_dimensioni-200x40x45","pa_dimensioni-220x40x45","pa_essenza-ciliegio","pa_essenza-noce-europeo","pa_essenza-rovere","first","instock","taxable","shipping-taxable","purchasable","product-type-variable","wvs-archive-product-wrapper"],"_links":{"self":[{"href":"https:\/\/www.riva.it\/en\/wp-json\/wp\/v2\/product\/15477","targetHints":{"allow":["GET"]}}],"collection":[{"href":"https:\/\/www.riva.it\/en\/wp-json\/wp\/v2\/product"}],"about":[{"href":"https:\/\/www.riva.it\/en\/wp-json\/wp\/v2\/types\/product"}],"wp:featuredmedia":[{"embeddable":true,"href":"https:\/\/www.riva.it\/en\/wp-json\/wp\/v2\/media\/15478"}],"wp:attachment":[{"href":"https:\/\/www.riva.it\/en\/wp-json\/wp\/v2\/media?parent=15477"}],"wp:term":[{"taxonomy":"product_brand","embeddable":true,"href":"https:\/\/www.riva.it\/en\/wp-json\/wp\/v2\/product_brand?post=15477"},{"taxonomy":"product_cat","embeddable":true,"href":"https:\/\/www.riva.it\/en\/wp-json\/wp\/v2\/product_cat?post=15477"},{"taxonomy":"product_tag","embeddable":true,"href":"https:\/\/www.riva.it\/en\/wp-json\/wp\/v2\/product_tag?post=15477"}],"curies":[{"name":"WP","href":"https:\/\/api.w.org\/{rel}","templated":true}]}}

<p>La panca Latus di Artisan è realizzata <strong>artigianalmente</strong> in <strong>solid wood</strong>. Ideata e disegnata da Salih Teskeredžić, è disponibile in diverse dimensioni e in varie finiture di legno. Come ogni creazione Artisan, Latus è un <strong>pezzo unico</strong> costruito con <strong>amore per il legno</strong>, pensata per abbellire la vostra casa.</p>
<p>The Artisan brand specialises in <strong>Handcrafted solid wood furniture. </strong>It has over 50 years of experience and collaborates with <strong>best designers</strong> local and global. Artisan uses <strong>Solid natural wood</strong> sourced from renewable sources and for its treatment it only uses <strong>natural materials, </strong>Come<strong> oils and beeswax.</strong></p>

<p>La panca Latus di Artisan è realizzata artigianalmente in legno massello. Ideata e disegnata da Salih Teskeredžić, è disponibile in diverse dimensioni e in varie finiture di legno. Come ogni creazione Artisan, Latus è un pezzo unico costruito con amore per il legno, pensata per abbellire la vostra casa. Il brand Artisan è specializzato nella [&hellip;]</p>
