{"id":16601,"date":"2026-04-15T21:40:26","date_gmt":"2026-04-15T20:40:26","guid":{"rendered":"https:\/\/www.riva.it\/prodotto\/scandi-lux-senior-cushion\/"},"modified":"2026-04-15T21:40:40","modified_gmt":"2026-04-15T20:40:40","slug":"scandi-lux-senior-cushion","status":"publish","type":"product","link":"https:\/\/www.riva.it\/en\/prodotto\/scandi-lux-senior-cushion\/","title":{"rendered":"Scandi lux senior cushion"},"content":{"rendered":"<p>Ecco l&#8217;ultimo arrivato della famiglia Fjordfiesta: Scandi Lux. Un <strong>nuovo cuscino<\/strong> che arricchisce la famosa Scandia Collection.<br \/>\nQuesta grande novit\u00e0 \u00e8 stata progettata dai noti designer norvegesi Anderssen &amp; Voll ed \u00e8 stata lanciata durante il <strong>Designers Saturday di Oslo<\/strong>, nel settembre 2021.<\/p>\n<p>Nel 2001, l&#8217;architetto P\u00e5l Lunder ha fondato Fjordfiesta con il desiderio di sviluppare e mantenere il collegamento con l&#8217;eredit\u00e0 del design scandinavo. Radicata nell&#8217;estetica della storia del <strong>Scandinavian design<\/strong> e pronta ad affrontare le <strong>sfide etiche e ambientali <\/strong>del tempo moderno, Fjordfiesta produce mobili senza tempo, progettati per durare per le generazioni a venire. Fjordfiesta sostiene la produzione di mobili in Norvegia attraverso la fabbrica di Dokka. Ogni mobile \u00e8 prodotto con <strong>responsabilit\u00e0 ecologica<\/strong> in quanto il brand utilizza <strong>solo materiali sostenibili<\/strong> trasportati a brevi distanze. L&#8217;azienda si propone di rappresentare e promuovere il progresso della<strong> cultura del design norvegese<\/strong> attraverso collaborazioni innovative nell\u2019ambito del design ;<\/p>\n<p><strong>Dimensioni: 68x130x44<\/strong><\/p>","protected":false},"excerpt":{"rendered":"<p>Ecco l&#8217;ultimo arrivato della famiglia Fjordfiesta: Scandi Lux. Un nuovo cuscino che arricchisce la famosa Scandia Collection. Questa grande novit\u00e0 \u00e8 stata progettata dai noti designer norvegesi Anderssen &amp; Voll ed \u00e8 stata lanciata durante il Designers Saturday di Oslo, nel settembre 2021. Nel 2001, l&#8217;architetto P\u00e5l Lunder ha fondato Fjordfiesta con il desiderio di [&hellip;]<\/p>\n","protected":false},"featured_media":16602,"template":"","meta":[],"product_brand":[267],"product_cat":[1100,42,214,210],"product_tag":[46,268,47],"class_list":["post-16601","product","type-product","status-publish","has-post-thumbnail","product_brand-fjordfiesta","product_cat-accessori-poltrone-e-divani","product_cat-arredamento","product_cat-poltrone-e-divani","product_cat-sedute","product_tag-disponibili","product_tag-fjordfiesta","product_tag-ritiro_magazzino","pa_colore-rivestimento-pelle-antracite","pa_colore-rivestimento-tessuto-antracite","first","instock","taxable","shipping-taxable","purchasable","product-type-variable","wvs-archive-product-wrapper"],"_links":{"self":[{"href":"https:\/\/www.riva.it\/en\/wp-json\/wp\/v2\/product\/16601","targetHints":{"allow":["GET"]}}],"collection":[{"href":"https:\/\/www.riva.it\/en\/wp-json\/wp\/v2\/product"}],"about":[{"href":"https:\/\/www.riva.it\/en\/wp-json\/wp\/v2\/types\/product"}],"wp:featuredmedia":[{"embeddable":true,"href":"https:\/\/www.riva.it\/en\/wp-json\/wp\/v2\/media\/16602"}],"wp:attachment":[{"href":"https:\/\/www.riva.it\/en\/wp-json\/wp\/v2\/media?parent=16601"}],"wp:term":[{"taxonomy":"product_brand","embeddable":true,"href":"https:\/\/www.riva.it\/en\/wp-json\/wp\/v2\/product_brand?post=16601"},{"taxonomy":"product_cat","embeddable":true,"href":"https:\/\/www.riva.it\/en\/wp-json\/wp\/v2\/product_cat?post=16601"},{"taxonomy":"product_tag","embeddable":true,"href":"https:\/\/www.riva.it\/en\/wp-json\/wp\/v2\/product_tag?post=16601"}],"curies":[{"name":"WP","href":"https:\/\/api.w.org\/{rel}","templated":true}]}}

<p>Ecco l&#8217;ultimo arrivato della famiglia Fjordfiesta: Scandi Lux. Un <strong>nuovo cuscino</strong> che arricchisce la famosa Scandia Collection.<br />
Questa grande novità è stata progettata dai noti designer norvegesi Anderssen &amp; Voll ed è stata lanciata durante il <strong>Designers Saturday di Oslo</strong>, nel settembre 2021.</p>
<p>Nel 2001, l&#8217;architetto Pål Lunder ha fondato Fjordfiesta con il desiderio di sviluppare e mantenere il collegamento con l&#8217;eredità del design scandinavo. Radicata nell&#8217;estetica della storia del <strong>Scandinavian design</strong> e pronta ad affrontare le <strong>sfide etiche e ambientali </strong>del tempo moderno, Fjordfiesta produce mobili senza tempo, progettati per durare per le generazioni a venire. Fjordfiesta sostiene la produzione di mobili in Norvegia attraverso la fabbrica di Dokka. Ogni mobile è prodotto con <strong>responsabilità ecologica</strong> in quanto il brand utilizza <strong>solo materiali sostenibili</strong> trasportati a brevi distanze. L&#8217;azienda si propone di rappresentare e promuovere il progresso della<strong> cultura del design norvegese</strong> attraverso collaborazioni innovative nell’ambito del design ;</p>
<p><strong>Dimensioni: 68x130x44</strong></p>

<p>Ecco l&#8217;ultimo arrivato della famiglia Fjordfiesta: Scandi Lux. Un nuovo cuscino che arricchisce la famosa Scandia Collection. Questa grande novità è stata progettata dai noti designer norvegesi Anderssen &amp; Voll ed è stata lanciata durante il Designers Saturday di Oslo, nel settembre 2021. Nel 2001, l&#8217;architetto Pål Lunder ha fondato Fjordfiesta con il desiderio di [&hellip;]</p>
