{"id":17598,"date":"2026-04-15T21:44:20","date_gmt":"2026-04-15T20:44:20","guid":{"rendered":"https:\/\/www.riva.it\/prodotto\/baluna-ceiling\/"},"modified":"2026-04-15T21:44:29","modified_gmt":"2026-04-15T20:44:29","slug":"baluna-ceiling","status":"publish","type":"product","link":"https:\/\/www.riva.it\/en\/prodotto\/baluna-ceiling\/","title":{"rendered":"Baluna ceiling"},"content":{"rendered":"<p>Baluna \u00e8 una lampada di forma sferica <strong>versatile<\/strong> ed <strong>elegante<\/strong>, che permette di <strong>regolare la luce<\/strong> e di <strong>plasmare l&#8217;atmosfera<\/strong> come pi\u00f9 si preferisce. Ogni lampada \u00e8 <strong>realizzata interamente a mano<\/strong>: ogni Baluna \u00e8 accuratamente modellata e assemblata da <strong>abili maestri artigiani<\/strong>.<\/p>\n<p><strong>Funzionalit\u00e0<\/strong>, <strong>innovazione<\/strong> e <strong>praticit\u00e0<\/strong> sono i principi fondamentali alla base del design di Grupa, uno studio fondato\u00a0nel 2006 da tre <strong>designer<\/strong> \u2013 <strong>Filip Despot, Ivana Pavi\u0107 e Tihana Taraba<\/strong> &#8211; nella capitale croata Zagabria. La linea di prodotti per l&#8217;illuminazione progettati da Grupa nasce dalla perfetta fusione tra <strong>ricerca del bello<\/strong> e <strong>del funzionale<\/strong> e<strong> tradizione delle tecniche artigianali<\/strong>.<\/p>\n<p><strong>Finitura: alluminio<br \/>\nDimensioni: h. 136-200 cm<\/strong><br \/>\n<strong>Dimmer integrato<br \/>\n<\/strong><strong>Lampadina: E14, Max 8W; max \u00d836 mm<\/strong><\/p>","protected":false},"excerpt":{"rendered":"<p>Baluna \u00e8 una lampada di forma sferica versatile ed elegante, che permette di regolare la luce e di plasmare l&#8217;atmosfera come pi\u00f9 si preferisce. Ogni lampada \u00e8 realizzata interamente a mano: ogni Baluna \u00e8 accuratamente modellata e assemblata da abili maestri artigiani. Funzionalit\u00e0, innovazione e praticit\u00e0 sono i principi fondamentali alla base del design di [&hellip;]<\/p>\n","protected":false},"featured_media":17599,"template":"","meta":[],"product_brand":[671],"product_cat":[568,569],"product_tag":[46,672,158],"class_list":["post-17598","product","type-product","status-publish","has-post-thumbnail","product_brand-grupa","product_cat-illuminazione","product_cat-lampade-da-soffitto","product_tag-disponibili","product_tag-grupa","product_tag-ritiro_negozio","first","instock","taxable","shipping-taxable","purchasable","product-type-simple"],"_links":{"self":[{"href":"https:\/\/www.riva.it\/en\/wp-json\/wp\/v2\/product\/17598","targetHints":{"allow":["GET"]}}],"collection":[{"href":"https:\/\/www.riva.it\/en\/wp-json\/wp\/v2\/product"}],"about":[{"href":"https:\/\/www.riva.it\/en\/wp-json\/wp\/v2\/types\/product"}],"wp:featuredmedia":[{"embeddable":true,"href":"https:\/\/www.riva.it\/en\/wp-json\/wp\/v2\/media\/17599"}],"wp:attachment":[{"href":"https:\/\/www.riva.it\/en\/wp-json\/wp\/v2\/media?parent=17598"}],"wp:term":[{"taxonomy":"product_brand","embeddable":true,"href":"https:\/\/www.riva.it\/en\/wp-json\/wp\/v2\/product_brand?post=17598"},{"taxonomy":"product_cat","embeddable":true,"href":"https:\/\/www.riva.it\/en\/wp-json\/wp\/v2\/product_cat?post=17598"},{"taxonomy":"product_tag","embeddable":true,"href":"https:\/\/www.riva.it\/en\/wp-json\/wp\/v2\/product_tag?post=17598"}],"curies":[{"name":"WP","href":"https:\/\/api.w.org\/{rel}","templated":true}]}}

<p>Baluna è una lampada di forma sferica <strong>versatile</strong> ed <strong>elegante</strong>, che permette di <strong>regolare la luce</strong> e di <strong>plasmare l&#8217;atmosfera</strong> come più si preferisce. Ogni lampada è <strong>realizzata interamente a mano</strong>: ogni Baluna è accuratamente modellata e assemblata da <strong>abili maestri artigiani</strong>.</p>
<p><strong>Funzionalità</strong>, <strong>innovazione</strong> e <strong>praticità</strong> sono i principi fondamentali alla base del design di Grupa, uno studio fondato nel 2006 da tre <strong>designer</strong> – <strong>Filip Despot, Ivana Pavić e Tihana Taraba</strong> &#8211; nella capitale croata Zagabria. La linea di prodotti per l&#8217;illuminazione progettati da Grupa nasce dalla perfetta fusione tra <strong>ricerca del bello</strong> e <strong>del funzionale</strong> e<strong> tradizione delle tecniche artigianali</strong>.</p>
<p><strong>Finitura: alluminio<br />
Dimensioni: h. 136-200 cm</strong><br />
<strong>Dimmer integrato<br />
</strong><strong>Lampadina: E14, Max 8W; max Ø36 mm</strong></p>

<p>Baluna è una lampada di forma sferica versatile ed elegante, che permette di regolare la luce e di plasmare l&#8217;atmosfera come più si preferisce. Ogni lampada è realizzata interamente a mano: ogni Baluna è accuratamente modellata e assemblata da abili maestri artigiani. Funzionalità, innovazione e praticità sono i principi fondamentali alla base del design di [&hellip;]</p>
