{"id":18380,"date":"2026-04-15T21:48:20","date_gmt":"2026-04-15T20:48:20","guid":{"rendered":"https:\/\/www.riva.it\/prodotto\/jantar-modular-system\/"},"modified":"2026-06-04T09:51:09","modified_gmt":"2026-06-04T08:51:09","slug":"modular-dining-system","status":"publish","type":"product","link":"https:\/\/www.riva.it\/en\/prodotto\/jantar-modular-system\/","title":{"rendered":"Jantar modular system"},"content":{"rendered":"<p>Jantar \u00e8 il sistema modulare progettato dal designer Ado Avdagi\u0107 per Artisan ed \u00e8 disponibile in 3 diverse configurazioni:<br \/>\nIl <strong>modulo a pavimento<\/strong> \u00e8 della dimensione 200x45x36 cm ed \u00e8 dotato di 2 cassetti e 2 ante scorrevoli.<br \/>\nIl <strong>modulo a parete A<\/strong> della dimensione 200x28x31 cm \u00e8 dotato di un vano aperto e un&#8217;anta a ribalta<br \/>\nIl <strong>modulo a parete B<\/strong> della dimensione 160x28x31 cm \u00e8 dotato di un vano aperto e un&#8217;anta a ribalta<\/p>\n<p>The Artisan brand specialises in <strong>Handcrafted solid wood furniture. <\/strong>It has over 50 years of experience and collaborates with <strong>best designers<\/strong> local and global. Artisan uses <strong>Solid natural wood<\/strong> sourced from renewable sources and for its treatment it only uses <strong>natural materials, <\/strong>Come<strong> oils and beeswax.<\/strong><\/p>","protected":false},"excerpt":{"rendered":"<p>Jantar \u00e8 il sistema modulare progettato dal designer Ado Avdagi\u0107 per Artisan ed \u00e8 disponibile in 3 diverse configurazioni: Il modulo a pavimento \u00e8 della dimensione 200x45x36 cm ed \u00e8 dotato di 2 cassetti e 2 ante scorrevoli. Il modulo a parete A della dimensione 200x28x31 cm \u00e8 dotato di un vano aperto e un&#8217;anta [&hellip;]<\/p>\n","protected":false},"featured_media":18381,"template":"","meta":[],"product_brand":[41],"product_cat":[42,218,217],"product_tag":[45,46,47,281],"class_list":["post-18380","product","type-product","status-publish","has-post-thumbnail","product_brand-artisan","product_cat-arredamento","product_cat-credenze-e-mobili-tv","product_cat-zona-giorno","product_tag-artisan","product_tag-disponibili","product_tag-ritiro_magazzino","product_tag-sideboard-artisan","pa_dimensioni-160x28x31","pa_dimensioni-200x28x31","pa_dimensioni-200x45x36","pa_essenza-ciliegio","pa_essenza-noce-europeo","pa_essenza-rovere","first","instock","taxable","shipping-taxable","purchasable","product-type-variable","wvs-archive-product-wrapper"],"_links":{"self":[{"href":"https:\/\/www.riva.it\/en\/wp-json\/wp\/v2\/product\/18380","targetHints":{"allow":["GET"]}}],"collection":[{"href":"https:\/\/www.riva.it\/en\/wp-json\/wp\/v2\/product"}],"about":[{"href":"https:\/\/www.riva.it\/en\/wp-json\/wp\/v2\/types\/product"}],"wp:featuredmedia":[{"embeddable":true,"href":"https:\/\/www.riva.it\/en\/wp-json\/wp\/v2\/media\/18381"}],"wp:attachment":[{"href":"https:\/\/www.riva.it\/en\/wp-json\/wp\/v2\/media?parent=18380"}],"wp:term":[{"taxonomy":"product_brand","embeddable":true,"href":"https:\/\/www.riva.it\/en\/wp-json\/wp\/v2\/product_brand?post=18380"},{"taxonomy":"product_cat","embeddable":true,"href":"https:\/\/www.riva.it\/en\/wp-json\/wp\/v2\/product_cat?post=18380"},{"taxonomy":"product_tag","embeddable":true,"href":"https:\/\/www.riva.it\/en\/wp-json\/wp\/v2\/product_tag?post=18380"}],"curies":[{"name":"WP","href":"https:\/\/api.w.org\/{rel}","templated":true}]}}

<p>Jantar è il sistema modulare progettato dal designer Ado Avdagić per Artisan ed è disponibile in 3 diverse configurazioni:<br />
Il <strong>modulo a pavimento</strong> è della dimensione 200x45x36 cm ed è dotato di 2 cassetti e 2 ante scorrevoli.<br />
Il <strong>modulo a parete A</strong> della dimensione 200x28x31 cm è dotato di un vano aperto e un&#8217;anta a ribalta<br />
Il <strong>modulo a parete B</strong> della dimensione 160x28x31 cm è dotato di un vano aperto e un&#8217;anta a ribalta</p>
<p>The Artisan brand specialises in <strong>Handcrafted solid wood furniture. </strong>It has over 50 years of experience and collaborates with <strong>best designers</strong> local and global. Artisan uses <strong>Solid natural wood</strong> sourced from renewable sources and for its treatment it only uses <strong>natural materials, </strong>Come<strong> oils and beeswax.</strong></p>

<p>Jantar è il sistema modulare progettato dal designer Ado Avdagić per Artisan ed è disponibile in 3 diverse configurazioni: Il modulo a pavimento è della dimensione 200x45x36 cm ed è dotato di 2 cassetti e 2 ante scorrevoli. Il modulo a parete A della dimensione 200x28x31 cm è dotato di un vano aperto e un&#8217;anta [&hellip;]</p>
