{"id":21296,"date":"2026-04-15T22:03:19","date_gmt":"2026-04-15T21:03:19","guid":{"rendered":"https:\/\/www.riva.it\/prodotto\/luna-mirror\/"},"modified":"2026-07-22T12:54:29","modified_gmt":"2026-07-22T11:54:29","slug":"luna-mirror","status":"publish","type":"product","link":"https:\/\/www.riva.it\/en\/prodotto\/luna-mirror\/","title":{"rendered":"Luna mirror"},"content":{"rendered":"<p>Lo specchio Luna di Artisan \u00e8 un raffinato incontro tra forma e funzione, ispirato alla delicatezza della luna crescente. Il design circolare \u00e8 impreziosito da una base in legno massello, che crea un suggestivo contrasto tra materiali e dona profondit\u00e0 all\u2019oggetto. Elegante e minimalista, \u00e8 perfetto per aggiungere un tocco di calore e modernit\u00e0 a qualsiasi ambiente.<\/p>\n<p>Il brand Artisan \u00e8 specializzato nella produzione artigianale di mobili in legno massello. Ha un\u2019esperienza di oltre 50 anni e collabora con i migliori designer locali e mondiali. Artisan utilizza solo legno naturale proveniente da fonti rinnovabili e per il suo trattamento usa solo materiali naturali, come oli e cere d\u2019api.<\/p>","protected":false},"excerpt":{"rendered":"<p>Lo specchio Luna di Artisan \u00e8 un raffinato incontro tra forma e funzione, ispirato alla delicatezza della luna crescente. Il design circolare \u00e8 impreziosito da una base in legno massello, che crea un suggestivo contrasto tra materiali e dona profondit\u00e0 all\u2019oggetto. Elegante e minimalista, \u00e8 perfetto per aggiungere un tocco di calore e modernit\u00e0 a [&hellip;]<\/p>\n","protected":false},"featured_media":21297,"template":"","meta":[],"product_brand":[41],"product_cat":[639,692],"product_tag":[45,46,158],"class_list":["post-21296","product","type-product","status-publish","has-post-thumbnail","product_brand-artisan","product_cat-accessori","product_cat-specchi","product_tag-artisan","product_tag-disponibili","product_tag-ritiro_negozio","pa_dimensioni-100x100x5","pa_dimensioni-60x60x4","pa_dimensioni-80x80x5","pa_essenza-ciliegio","pa_essenza-noce-europeo","pa_essenza-rovere","first","instock","taxable","shipping-taxable","purchasable","product-type-variable","wvs-archive-product-wrapper"],"_links":{"self":[{"href":"https:\/\/www.riva.it\/en\/wp-json\/wp\/v2\/product\/21296","targetHints":{"allow":["GET"]}}],"collection":[{"href":"https:\/\/www.riva.it\/en\/wp-json\/wp\/v2\/product"}],"about":[{"href":"https:\/\/www.riva.it\/en\/wp-json\/wp\/v2\/types\/product"}],"wp:featuredmedia":[{"embeddable":true,"href":"https:\/\/www.riva.it\/en\/wp-json\/wp\/v2\/media\/21297"}],"wp:attachment":[{"href":"https:\/\/www.riva.it\/en\/wp-json\/wp\/v2\/media?parent=21296"}],"wp:term":[{"taxonomy":"product_brand","embeddable":true,"href":"https:\/\/www.riva.it\/en\/wp-json\/wp\/v2\/product_brand?post=21296"},{"taxonomy":"product_cat","embeddable":true,"href":"https:\/\/www.riva.it\/en\/wp-json\/wp\/v2\/product_cat?post=21296"},{"taxonomy":"product_tag","embeddable":true,"href":"https:\/\/www.riva.it\/en\/wp-json\/wp\/v2\/product_tag?post=21296"}],"curies":[{"name":"WP","href":"https:\/\/api.w.org\/{rel}","templated":true}]}}

<p>Lo specchio Luna di Artisan è un raffinato incontro tra forma e funzione, ispirato alla delicatezza della luna crescente. Il design circolare è impreziosito da una base in legno massello, che crea un suggestivo contrasto tra materiali e dona profondità all’oggetto. Elegante e minimalista, è perfetto per aggiungere un tocco di calore e modernità a qualsiasi ambiente.</p>
<p>Il brand Artisan è specializzato nella produzione artigianale di mobili in legno massello. Ha un’esperienza di oltre 50 anni e collabora con i migliori designer locali e mondiali. Artisan utilizza solo legno naturale proveniente da fonti rinnovabili e per il suo trattamento usa solo materiali naturali, come oli e cere d’api.</p>

<p>Lo specchio Luna di Artisan è un raffinato incontro tra forma e funzione, ispirato alla delicatezza della luna crescente. Il design circolare è impreziosito da una base in legno massello, che crea un suggestivo contrasto tra materiali e dona profondità all’oggetto. Elegante e minimalista, è perfetto per aggiungere un tocco di calore e modernità a [&hellip;]</p>
