{"id":24568,"date":"2026-06-05T10:52:00","date_gmt":"2026-06-05T09:52:00","guid":{"rendered":"https:\/\/www.riva.it\/prodotto\/balder\/"},"modified":"2026-06-19T12:49:19","modified_gmt":"2026-06-19T11:49:19","slug":"baldness","status":"publish","type":"product","link":"https:\/\/www.riva.it\/en\/prodotto\/balder\/","title":{"rendered":"Balder"},"content":{"rendered":"<p>Balder \u00e8 sinonimo di<strong> design, comfort e multifunzionalit\u00e0<\/strong>. Balder \u00e8 un divano letto di <strong>ispirazione nordica<\/strong> dal <strong>comfort eccezionale<\/strong>. Il divano \u00e8 dotato di una <strong>funzionalit\u00e0 intelligente<\/strong> che consente di <strong>alzare e abbassare la testata in 4 posizioni<\/strong>. Anche lo schienale pu\u00f2 essere regolato in tre diverse posizioni. Balder \u00e8 completamente\u00a0<strong>sfoderabile.<\/strong><\/p>\n<p><strong>Innovation Living<\/strong>\u00a0is a Danish company founded on a\u2019<strong>Proud tradition of designer sofa beds<\/strong>Form and function must go hand in hand to create innovative and durable designs for everyday use. Innovation Living is committed to creating\u00a0<strong>Furniture that makes a difference in everyday life\u00a0<\/strong>a good\u00a0<strong>Design<\/strong>\u00a0what\u2019s he\/she\/it up to\u00a0<strong>Style, comfort and functionality<\/strong>. The company holds international certifications<strong>. <\/strong>To contribute to the balance of\u2019<strong>ecosistema globale<\/strong>, Innovation Living pianta pi\u00f9 di\u00a0<strong>Ten thousand trees every year<\/strong>\u00a0to compensate for the wood consumption for furniture production.<\/p>","protected":false},"excerpt":{"rendered":"<p>Balder \u00e8 sinonimo di design, comfort e multifunzionalit\u00e0. Balder \u00e8 un divano letto di ispirazione nordica dal comfort eccezionale. Il divano \u00e8 dotato di una funzionalit\u00e0 intelligente che consente di alzare e abbassare la testata in 4 posizioni. Anche lo schienale pu\u00f2 essere regolato in tre diverse posizioni. Balder \u00e8 completamente\u00a0sfoderabile. Innovation Living\u00a0\u00e8 un\u2019azienda danese [&hellip;]<\/p>\n","protected":false},"featured_media":19047,"template":"","meta":[],"product_brand":[781],"product_cat":[42,215,210],"product_tag":[46,782,47],"class_list":["post-24568","product","type-product","status-publish","has-post-thumbnail","product_brand-innovation-living","product_cat-arredamento","product_cat-divani-letto","product_cat-sedute","product_tag-disponibili","product_tag-innovation-living","product_tag-ritiro_magazzino","pa_dimensioni-divano-230x100x43-92","pa_dimensioni-letto-140x200","pa_essenza-rovere-e-acciaio-nero","pa_sfoderabilita-no","pa_sfoderabilita-si","pa_tessuto-281-avella-pine-green","pa_tessuto-316-cordufine-pine-green","pa_tessuto-318-cordufine-beige","pa_tessuto-357-taura-off-white","pa_tessuto-412-esina-rust-orange","pa_tessuto-472-yuveno-warm-grey","pa_tessuto-525-mixed-dance-light-blue","pa_tessuto-612-blida-sand-grey","first","instock","taxable","shipping-taxable","purchasable","product-type-variable","wvs-archive-product-wrapper"],"_links":{"self":[{"href":"https:\/\/www.riva.it\/en\/wp-json\/wp\/v2\/product\/24568","targetHints":{"allow":["GET"]}}],"collection":[{"href":"https:\/\/www.riva.it\/en\/wp-json\/wp\/v2\/product"}],"about":[{"href":"https:\/\/www.riva.it\/en\/wp-json\/wp\/v2\/types\/product"}],"wp:featuredmedia":[{"embeddable":true,"href":"https:\/\/www.riva.it\/en\/wp-json\/wp\/v2\/media\/19047"}],"wp:attachment":[{"href":"https:\/\/www.riva.it\/en\/wp-json\/wp\/v2\/media?parent=24568"}],"wp:term":[{"taxonomy":"product_brand","embeddable":true,"href":"https:\/\/www.riva.it\/en\/wp-json\/wp\/v2\/product_brand?post=24568"},{"taxonomy":"product_cat","embeddable":true,"href":"https:\/\/www.riva.it\/en\/wp-json\/wp\/v2\/product_cat?post=24568"},{"taxonomy":"product_tag","embeddable":true,"href":"https:\/\/www.riva.it\/en\/wp-json\/wp\/v2\/product_tag?post=24568"}],"curies":[{"name":"WP","href":"https:\/\/api.w.org\/{rel}","templated":true}]}}

<p>Balder è sinonimo di<strong> design, comfort e multifunzionalità</strong>. Balder è un divano letto di <strong>ispirazione nordica</strong> dal <strong>comfort eccezionale</strong>. Il divano è dotato di una <strong>funzionalità intelligente</strong> che consente di <strong>alzare e abbassare la testata in 4 posizioni</strong>. Anche lo schienale può essere regolato in tre diverse posizioni. Balder è completamente <strong>sfoderabile.</strong></p>
<p><strong>Innovation Living</strong> is a Danish company founded on a’<strong>Proud tradition of designer sofa beds</strong>Form and function must go hand in hand to create innovative and durable designs for everyday use. Innovation Living is committed to creating <strong>Furniture that makes a difference in everyday life </strong>a good <strong>Design</strong> what’s he/she/it up to <strong>Style, comfort and functionality</strong>. The company holds international certifications<strong>. </strong>To contribute to the balance of’<strong>ecosistema globale</strong>, Innovation Living pianta più di <strong>Ten thousand trees every year</strong> to compensate for the wood consumption for furniture production.</p>

<p>Balder è sinonimo di design, comfort e multifunzionalità. Balder è un divano letto di ispirazione nordica dal comfort eccezionale. Il divano è dotato di una funzionalità intelligente che consente di alzare e abbassare la testata in 4 posizioni. Anche lo schienale può essere regolato in tre diverse posizioni. Balder è completamente sfoderabile. Innovation Living è un’azienda danese [&hellip;]</p>
